.
9
Suppose -1 + 1 = 17*q. Let d(c) = c**3 - 2*c**2 + c - 22. What is d(q)?
-22
Let a = -5 + 10. Let x(u) = -1 - 6*u + a*u + 2*u. Give x(4).
3
Let d(b) be the third derivative of -13*b**2 + 0 - 1/6*b**3 + 1/8*b**4 + 0*b. Give d(-8).
-25
Let b(k) = -5*k**2 - k + 1. Let m(c) = -c**3 - 5*c**2 + 12*c + 66. Let q be m(-4). Determine b(q).
-21
Let g(w) = -4*w - 14. Let x = -297 - -287. Give g(x).
26
Let a(v) = 2*v + 2. Let g = 4 + -6. Let u be (-1 - g)*(-2 + 3). Let t(z) = -3*z**2 - 2*z + 1. Let p be t(u). Give a(p).
-6
Let y be ((-4)/(-4) - -1) + -35 + -1. Let f = y + 36. Let b(r) be the third derivative of -r**4/24 - r**3/6 + r**2. Give b(f).
-3
Suppose 4*p + 81 = 29. Let q = 12 + p. Let g(w) = 3*w - 1. Determine g(q).
-4
Let g(w) = 2*w**2 + 31*w + 37. Let x be g(-14). Let q(k) = -k**2 - 8*k - 7. Determine q(x).
8
Let r be (-82)/(-20) - (-5)/(-50). Let c(f) be the first derivative of -2*f**2 + 3*f + 5. Determine c(r).
-13
Suppose 0*q = h + q + 1, -4*h - 5*q - 7 = 0. Suppose 0*l + h*l = 12. Let c(k) = -k**3 + 6*k**2 + 3*k - 6. Determine c(l).
12
Let n(r) = -r + 1. Let m(f) be the second derivative of f**3 + 1/2*f**2 + 0 - 3*f. Let d(y) = m(y) + 5*n(y). Give d(-5).
1
Let l(z) = -z**3 - 4*z**2 + 13*z + 1. Let s be l(-6). Let i(b) = 4 - 6*b + 4*b + 6 - 3. Calculate i(s).
17
Let x(s) = s - 2. Let r(h) = 2*h - 4. Let o(b) = 6*r(b) - 11*x(b). Let l(c) = c**2 - 3 + 7*c - 8*c - 4 - 3. Let t be l(-3). Calculate o(t).
0
Let j(t) = 267158*t - 267169*t + t**2 - 3 - 2. Give j(10).
-15
Let x(p) = p**3 + p**2 + p - 13. Let i(w) = -19*w + 95. Let a be i(5). Give x(a).
-13
Let x(p) = 2 - 7 + 0 + p. What is x(4)?
-1
Let z(h) = 3*h**2 + 40*h - 7. Let y(g) = 2*g**2 + 21*g - 5. Let s(m) = 7*y(m) - 4*z(m). What is s(10)?
63
Let a(y) = -4*y - 2. Let z(h) = 25*h + 11. Let x(s) = 6*a(s) + z(s). What is x(4)?
3
Let f(h) = -73*h**2 - 37*h**2 + 109*h**2 + 1. Give f(-6).
-35
Let o = 12 - 8. Suppose -3*i = 2*q + 9, 5 = -q - 2*q + o*i. Let m(n) = 2*n**2 - 4 - 9 + 1 + 10. Calculate m(q).
16
Let h(w) be the third derivative of -w**6/120 + w**5/60 + w**4/8 + 180*w**2. Calculate h(4).
-36
Suppose -4*x - 15 - 1 = 0. Suppose 8*i - 3*i - 25 = 5*s, 2*i = s + 7. Let v(p) = -11*p + i + 2 + 12*p. Calculate v(x).
0
Let l(w) be the first derivative of -w**2/2 + 225. Let r = -2 - -6. Determine l(r).
-4
Let c(d) = 5 - d**2 - 2*d**2 + 7*d + 4*d**2. Let l be (-25 - -21) + (-3 - -1). Calculate c(l).
-1
Let f(y) = -y**2 - 15*y - 15. Let i = 914 - 925. Calculate f(i).
29
Let u(c) = -c + 13. Let x be u(8). Suppose 2*t - 51 = x*w + 34, 3*t + 3*w = 180. Let o(v) = -26 - 28 + t + 2*v. What is o(1)?
3
Let x(y) be the second derivative of 0*y**2 + 1/6*y**3 + 0 + 2*y + 1/12*y**4. Determine x(-3).
6
Let v(p) = -4*p + 2*p + p**2 + 4*p - 4. Let c be (-2)/(-13) + (-17920)/2912. Calculate v(c).
20
Let t(o) = 35 + 50 - 3*o + 6*o - 95. Give t(-7).
-31
Suppose -7 = -5*o + 2*m - 0, -o - m = 0. Let a(v) = 10*v**2 + 2*v - 2. Let r be a(o). Suppose 2*i + 3*i = r. Let b(z) = -2*z**2 - z - 1. Give b(i).
-11
Suppose -y = -5*f + 5, 5*f = 3*y + 9 - 24. Let u(g) = 7*g - 72. Calculate u(y).
-2
Let k(w) = 10 + 15 - 5*w - 5 + 8*w - 2*w. What is k(-13)?
7
Suppose -5*m + 1 = 4*o - 9, 4 = -5*o + 2*m. Suppose 4*c + 20 = o, 13 = -2*z - 4*c - 11. Let n(j) = 3*j + 1. Calculate n(z).
-5
Let j(p) = -9*p**3 + 2*p**2 - 1. Suppose 0*d + 4*d = b + 19, -9 = -3*d - b. Suppose w = 5*w - d. Calculate j(w).
-8
Let y(h) be the first derivative of -h**2/2 + 11*h - 21. What is y(6)?
5
Let b(v) = v + 3. Suppose -q = -5*j - 22, -5*q - 2*j = 2 - 4. Suppose -5*m - q*l + 27 = 0, -2*m + 19 = -m - 3*l. Suppose 5 = 4*y - m. What is b(y)?
6
Let t = -1152 + 1159. Let c(d) = -4*d**2 + 12*d**2 - 3 - d**3 + 13 - 8*d. Calculate c(t).
3
Let g(u) = 6*u**3 + u**2 - 1. Let r be g(-1). Let y(i) = -i**3 - 7*i**2 - 2*i + 14. Calculate y(r).
-10
Let m(k) = -2*k - 10. Let a be m(-8). Let f be -2 + 1 - 9/(-3). Let i(s) = -5*s**f - 6 - 6*s + 12*s**2 + 4*s**3 - 5*s**3. Give i(a).
-6
Let a be 28/(-3)*(-297)/18. Let k be 3/(-12) + a/8. Let s = -22 + k. Let d(q) = -q**3 - 5*q**2 - 3*q + 1. Calculate d(s).
-8
Let v(y) be the third derivative of -25/6*y**3 - 1/24*y**4 + 0 - 1/60*y**5 + 19*y**2 + 0*y. Calculate v(0).
-25
Let i(o) = 10*o**2 + 6*o - 3 + 2*o - 11*o + 2 - 5*o**3. Let w(v) = -14*v**3 + 29*v**2 - 8*v - 3. Let f(j) = 11*i(j) - 4*w(j). Calculate f(6).
-5
Let i be 3*3*(-4)/18. Let h(z) = -4*z - 2*z + 4*z + z**2 - 111 + 58 + 54. Give h(i).
9
Let b(c) = c**3 - c**2 + c + 2. Let k(v) = 2*v - 8. Let u be k(4). Suppose 2*j = -2, -3*z + j + u = -1. Suppose 5*i + 10 + 0 = z. Determine b(i).
-12
Let l(o) = o**3 - o**2 + 3. Let j be l(0). Suppose 0*y - 8 = -4*y. Let w(n) = -n - y*n + 4*n - 1 - 6*n. What is w(j)?
-16
Let r(t) be the first derivative of -1/2*t**2 + 1/4*t**4 - 6 - 4*t + 7/3*t**3. Determine r(-7).
3
Let b(s) = 2*s**3 - 30*s**2 + 3. Let q be b(15). Let l(r) = -4*r**2 - 7*r - 6. Let v(y) = -y**2 - 2*y - 2. Let f(u) = 2*l(u) - 7*v(u). Give f(q).
-7
Let u(s) be the third derivative of -1/120*s**6 + 3*s**2 + 1/2*s**3 - 3/20*s**5 - 1/3*s**4 + 0*s + 0. Give u(-8).
3
Suppose -v - 3*o + 3 = 0, 5*v = 4*v + o - 5. Let z be 2/v - 38/6. Let d(w) be the third derivative of w**5/60 + w**4/3 + 3*w**3/2 - 464*w**2. What is d(z)?
2
Let n(y) = 2*y**2 - 2*y - 1. Let l = -52 - -62. Suppose -18*t - l = -8*t. Give n(t).
3
Let b be (-15)/(-6)*((-12)/10)/(-1). Let j(k) = 9*k**2 - 13*k + 4. Let i(w) = -5*w**2 + 7*w - 2. Let n(m) = -7*i(m) - 4*j(m). Calculate n(b).
-2
Let y be (-19)/(-7) - 10/(-35). Suppose -4*x = -y*x - 3. Let s(w) = -w**3 + 3*w**2 - 3*w + 3. Give s(x).
-6
Let a(x) = -7*x + 3. Let l be -2 + (-64)/(-1 - -5). Let j(z) = -z**2 - 20*z - 34. Let w be j(l). Determine a(w).
-11
Suppose y = -4*q - y + 16, -8 = 4*y. Let g(r) be the first derivative of 0*r - 4/3*r**3 + 1/4*r**4 - 7/2*r**2 + 2. Determine g(q).
-10
Let r(t) = t - 1. Let v(u) be the third derivative of -u**6/120 - u**5/60 - u**4/12 - u**3/2 - 6*u**2. Let s be v(0). Give r(s).
-4
Let p(o) be the second derivative of -o**5/60 + 7*o**3/6 - 5*o**2 - 25*o. Let r(m) be the first derivative of p(m). Give r(0).
7
Let u(l) = 6 - 130*l - 2*l**3 + 127*l - 4*l**2 + 3*l**3. Let r be 4/((-2)/1) + 7. Determine u(r).
16
Let x(m) be the second derivative of -m**3/6 + 35*m**2/2 + 12*m + 39. Give x(16).
19
Let h(s) = -s**2 - 15*s - 8. Suppose 37*k + 42 = 34*k. Let v be h(k). Let n(z) = -z**3 + 7*z**2 - 8*z + 3. Calculate n(v).
-9
Let h(y) = 18*y + 35. Let l be h(-2). Let p(x) = -11*x. Let c(w) = 22*w. Let q(n) = 6*c(n) + 11*p(n). What is q(l)?
-11
Let f(r) = r**3 + 12*r**2 - 14*r - 10. Let k(m) = -m**3 - 7*m**2 - 3*m + 5. Let a be k(-6). Determine f(a).
3
Let d(p) = -5*p**3 + 2*p**2 - 21*p + 18. Let s(m) = -2*m**3 - 10*m + 9. Let a(z) = -3*d(z) + 7*s(z). What is a(7)?
9
Let m be 2/(-4) - 15/(-6). Let t(f) = 2*f**2 - 7*f**3 - 8*f**3 + 12*f**3 + 2 - f. Determine t(m).
-16
Let j(c) = -c**2 + 7*c + 5. Suppose l + 7 = 2*l. Suppose y - 3*z + l = 3, y = 2*z. Give j(y).
-3
Let p(i) = -2*i + 4. Let z(a) = -a**3 - 3*a**2 + a - 6. Let x be z(-4). Let h(d) = d**2 - 6*d + 5. Let w be h(x). Calculate p(w).
-6
Let s be (3 - (-11)/(-3))/((-1)/6). Let a(y) = -s*y + 302 + 4*y - 2*y**2 - 301. Calculate a(2).
-7
Let x(r) = 88*r + 94. Let z(g) = -32*g - 31. Let a(k) = 5*x(k) + 14*z(k). Determine a(5).
-4
Let a(c) = -4*c - 1. Let t be 12/(-30) + (-46)/10. What is a(t)?
19
Let q(w) = -w. Let u be q(5). Suppose 5*g + 11 = 21. Let m(v) = -7*v**3 + 0 - 5*v + 4*v**g - 7 + 8*v**3. What is m(u)?
-7
Let k be (-5)/((-105)/(-6))*-14. Let j(g) = 2*g**3 + 5*g - 8*g + 4*g + k*g**3. Let q be (1*(-1)/(-1))/1. Give j(q).
7
Let c(f) = -26*f**3 - 2*f**2 + 1. Let j be c(-1). Let r = j - 19. Let i(k) be the second derivative of -k**3/3 + 2*k**2 - 9*k. Determine i(r).
-8
Let r = -353 - -347. Let f(h) = -4*h - 7. Determine f(r).
17
Let r(j) = -j**2 - 15*j - 42. Let u be r(-11). Let l(b) be the first derivative of 1/3*b**3 + u - 1/2*b**2 + b. Determine l(2).
3
Let b(g) = 9*g**3 + 2*g**2 - g - 3. Let p(w) = 7*w**3 + w**2 - w - 2. Let j(c) = 3*b(c) - 4*p(c). What is j(-2)?
13
Let r be (-2)/(-5) + ((-1565)/(-25) - 0). Let s = r - 63. Let w(h) = h**2 + h + 12. Give w(s).
12
Suppose 22*n - 27*n = 0. Let i be 8 - 2 - n/(-1). Let u(f) = f - 3. Calculate u(i).
3
Let j(q) = -4*q**2 + 2*q